the ten thousands digit of 98162?
9
What is the units digit of 187635?
5
What is the thousands digit of 117050?
7
What is the thousands digit of 81707?
1
What is the units digit of 7315?
5
What is the ten thousands digit of 33344?
3
What is the units digit of 2820?
0
What is the thousands digit of 3077?
3
What is the hundreds digit of 405?
4
What is the ten thousands digit of 19572?
1
What is the ten thousands digit of 34472?
3
What is the tens digit of 957?
5
What is the thousands digit of 17321?
7
What is the tens digit of 349?
4
What is the tens digit of 3039?
3
What is the tens digit of 179?
7
What is the ten thousands digit of 21587?
2
What is the hundreds digit of 827?
8
What is the ten thousands digit of 48209?
4
What is the tens digit of 540?
4
What is the hundreds digit of 12284?
2
What is the units digit of 3445?
5
What is the tens digit of 4295?
9
What is the hundreds digit of 188?
1
What is the hundreds digit of 12624?
6
What is the hundreds digit of 11527?
5
What is the thousands digit of 23909?
3
What is the hundreds digit of 508?
5
What is the ten thousands digit of 34501?
3
What is the tens digit of 1421?
2
What is the tens digit of 961?
6
What is the units digit of 6283?
3
What is the hundreds digit of 2075?
0
What is the thousands digit of 70079?
0
What is the hundreds digit of 2649?
6
What is the tens digit of 991?
9
What is the hundreds digit of 11598?
5
What is the units digit of 698?
8
What is the hundreds digit of 47766?
7
What is the units digit of 382?
2
What is the hundreds digit of 14641?
6
What is the thousands digit of 1317?
1
What is the hundred thousands digit of 112147?
1
What is the tens digit of 809?
0
What is the hundreds digit of 4862?
8
What is the tens digit of 447?
4
What is the tens digit of 5259?
5
What is the units digit of 25?
5
What is the units digit of 9171?
1
What is the tens digit of 44907?
0
What is the ten thousands digit of 73577?
7
What is the units digit of 930?
0
What is the thousands digit of 29164?
9
What is the thousands digit of 19640?
9
What is the tens digit of 77310?
1
What is the tens digit of 555?
5
What is the hundreds digit of 7874?
8
What is the thousands digit of 4965?
4
What is the thousands digit of 26469?
6
What is the hundreds digit of 982?
9
What is the thousands digit of 22726?
2
What is the hundreds digit of 8331?
3
What is the tens digit of 17368?
6
What is the tens digit of 1858?
5
What is the tens digit of 21419?
1
What is the thousands digit of 12291?
2
What is the units digit of 626?
6
What is the hundreds digit of 1164?
1
What is the ten thousands digit of 13910?
1
What is the thousands digit of 2734?
2
What is the units digit of 91?
1
What is the hundreds digit of 1005?
0
What is the units digit of 230?
0
What is the hundreds digit of 1858?
8
What is the tens digit of 896?
9
What is the thousands digit of 22070?
2
What is the hundreds digit of 5851?
8
What is the tens digit of 1619?
1
What is the thousands digit of 99464?
9
What is the ten thousands digit of 67170?
6
What is the tens digit of 271?
7
What is the units digit of 10781?
1
What is the tens digit of 546?
4
What is the thousands digit of 23707?
3
What is the hundreds digit of 827?
8
What is the thousands digit of 59059?
9
What is the units digit of 214?
4
What is the thousands digit of 28464?
8
What is the thousands digit of 15781?
5
What is the hundreds digit of 74172?
1
What is the units digit of 169?
9
What is the tens digit of 95730?
3
What is the units digit of 661?
1
What is the tens digit of 17389?
8
What is the units digit of 2027?
7
What is the ten thousands digit of 14522?
1
What is the hundreds digit of 918?
9
What is the tens digit of 12824?
2
What is the tens digit of 14746?
4
What is the thousands digit of 17558?
7
What is the thousands digit of 2046?
2
What is the hundreds digit of 15585?
5
What is the hundreds digit of 1401?
4
What is the units digit of 493?
3
What is the thousands digit of 7780?
7
What is the thousands digit of 91026?
1
What is the ten thousands digit of 31321?
3
What is the units digit of 751?
1
What is the hundreds digit of 7136?
1
What is the units digit of 9901?
1
What is the tens digit of 37086?
8
What is the hundreds digit of 109?
1
What is the ten thousands digit of 22803?
2
What is the tens digit of 2155?
5
What is the tens digit of 2157?
5
What is the units digit of 123588?
8
What is the units digit of 31?
1
What is the hundreds digit of 1432?
4
What is the tens digit of 25956?
5
What is the thousands digit of 1174?
1
What is the hundreds digit of 1807?
8
What is the thousands digit of 4124?
4
What is the hundreds digit of 1991?
9
What is the tens digit of 772?
7
What is the tens digit of 8705?
0
What is the tens digit of 461?
6
What is the tens digit of 1100?
0
What is the tens digit of 230?
3
What is the tens digit of 8940?
4
What is the thousands digit of 81633?
1
What is the thousands digit of 18459?
8
What is the hundreds digit of 906?
9
What is the units digit of 1994?
4
What is the hundreds digit of 49269?
2
What is the tens digit of 23048?
4
What is the hundreds digit of 4154?
1
What is the hundreds digit of 21073?
0
What is the thousands digit of 12672?
2
What is the ten thousands digit of 33241?
3
What is the units digit of 756?
6
What is the ten thousands digit of 38593?
3
What is the hundreds digit of 1966?
9
What is the units digit of 55901?
1
What is the units digit of 227?
7
What is the tens digit of 1228?
2
What is the units digit of 21029?
9
What is the tens digit of 2311?
1
What is the ten thousands digit of 70410?
7
What is the hundreds digit of 56866?
8
What is the hundreds digit of 675?
6
What is the tens digit of 175767?
6
What is the hundreds digit of 3704?
7
What is the thousands digit of 15412?
5
What is the units digit of 1138?
8
What is the thousands digit of 2673?
2
What is the hundreds digit of 4955?
9
What is the units digit of 3103?
3
What is the hundreds digit of 4027?
0
What is the hundreds digit of 936?
9
What is the units digit of 363?
3
What is the ten thousands digit of 37352?
3
What is the hundreds digit of 1130?
1
What is the tens digit of 262?
6
What is the thousands digit of 1348?
1
What is the units digit of 19618?
8
What is the units digit of 2607?
7
What is the ten thousands digit of 71369?
7
What is the units digit of 1733?
3
What is the hundreds digit of 7788?
7
What is the hundreds digit of 10943?
9
What is the hundreds digit of 3183?
1
What is the units digit of 477?
7
What is the tens digit of 20855?
5
What is the units digit of 5027?
7
What is the tens digit of 58934?
3
What is the hundreds digit of 2704?
7
What is the ten thousands digit of 125629?
2
What is the hundreds digit of 11187?
1
What is the hundreds digit of 942?
9
What is the thousands digit of 51915?
1
What is the hundreds digit of 394?
3
What is the thousands digit of 7231?
7
What is the units digit of 962?
2
What is the units digit of 21919?
9
What is the hundreds digit of 6917?
9
What is the ten thousands digit of 13539?
1
What is the units digit of 7916?
6
What is the units digit of 18404?
4
What is the thousands digit of 9208?
9
What is the hundreds digit of 2172?
1
What is the tens digit of 3296?
9
What is the hundreds digit of 471?
4
What is the units digit of 498?
8
What is the tens digit of 1330?
3
What is the thousands digit of 1187?
1
What is the hundreds digit of 592?
5
What is the ten thousands digit of 18086?
1
What is the tens digit of 181?
8
What is the tens digit of 30485?
8
What is the units digit of 11326?
6
What is the hundreds digit of 386?
3
What is the units digit of 9171?
1
What is the units digit of 1636?
6
What is the hundreds digit of 43903?
9
What is the thousands digit of 3791?
3
What is the units digit of 46995?
5
What is the tens digit of 13264?
6
What is the thousands digit of 25163?
5
What is the units digit of 2123?
3
What is the tens digit of 454?
5
What is the units digit of 11111?
1
What is the units digit of 39841?
1
What is the ten thousands digit of 11893?
1
What is the units digit of 1520?
0
What is the tens digit of 11539?
3
What is the thousands digit of 16517?
6
What is the tens digit of 1824?
2
What is the tens digit of 7504?
0
What is the ten thousands digit of 11418?
1
What is the tens digit of 1339